{"id":527,"date":"2024-01-28T18:49:46","date_gmt":"2024-01-28T18:49:46","guid":{"rendered":"https:\/\/anakaminskiene.lt\/?page_id=527"},"modified":"2024-07-24T13:16:38","modified_gmt":"2024-07-24T13:16:38","slug":"527-2","status":"publish","type":"page","link":"https:\/\/anakaminskiene.lt\/index.php\/527-2\/","title":{"rendered":""},"content":{"rendered":"\n<div class=\"section-wrapper\" data-id=\"UWvKNT\"><section class=\"wp-block-gutenverse-section guten-element guten-section guten-UWvKNT layout-boxed align-stretch\"><div class=\"guten-background-overlay\"><\/div><div class=\"guten-shape-divider guten-shape-divider-top\"><\/div><div class=\"guten-shape-divider guten-shape-divider-bottom\"><\/div><div class=\"guten-container guten-column-gap-default\">\n<div class=\"wp-block-gutenverse-column guten-element guten-column guten-H1ueux\"><div class=\"guten-background-overlay\"><\/div><div class=\"sticky-wrapper\" data-id=\"H1ueux\"><div class=\"guten-column-wrapper\">\n<div class=\"section-wrapper\" data-id=\"C9iVQ3\"><section class=\"wp-block-gutenverse-section guten-element guten-section guten-C9iVQ3 layout-boxed align-stretch\"><div class=\"guten-background-overlay\"><\/div><div class=\"guten-shape-divider guten-shape-divider-top\"><\/div><div class=\"guten-shape-divider guten-shape-divider-bottom\"><\/div><div class=\"guten-container guten-column-gap-no\">\n<div class=\"wp-block-gutenverse-column guten-element guten-column guten-pUnwNI\"><div class=\"guten-background-overlay\"><\/div><div class=\"sticky-wrapper\" data-id=\"pUnwNI\"><div class=\"guten-column-wrapper\">\n<h1 class=\"wp-block-gutenverse-heading guten-element guten-NLL8ZI animated guten-element-hide slow desktop-fadeInLeft\">Permanentinis makia\u017eas<\/h1>\n\n\n\n<div class=\"guten-element gutenverse-text-editor guten-eM8mxi\"><div class=\"text-content-inner\">\n<h2 class=\"wp-block-heading has-primary-font-family has-normal-font-size\">Permanentinio Makia\u017eo Proced\u016bra<\/h2>\n\n\n\n<p class=\"has-primary-font-family\">Permanentinis makia\u017eas, dar \u017einomas kaip mikropigmentacija, yra proced\u016bra, kurios metu \u012f vir\u0161utin\u012f odos sluoksn\u012f \u012fvedamas pigmentas. \u0160i proced\u016bra populiari tarp moter\u0173, norin\u010di\u0173 sutaupyti laiko kasdieniam makia\u017eui ir visada atrodyti nepriekai\u0161tingai. \u017demiau apra\u0161yta, kaip vyksta \u0161i proced\u016bra, jos privalumai ir skirtumai nuo cheminio da\u017eymo.<\/p>\n\n\n\n<h2 class=\"wp-block-heading has-primary-font-family has-normal-font-size\">Proced\u016bros Eiga<\/h2>\n\n\n\n<p class=\"has-primary-font-family\"><strong>Konsultacija<\/strong><\/p>\n\n\n\n<ul class=\"has-primary-font-family\">\n<li>Konsultacijos metu aptariamas norimas makia\u017eo eskizas, stilius ir technikos priemon\u0117s.<\/li>\n\n\n\n<li>Klientas informuoja apie savo sveikatos b\u016bkl\u0119, galimas alergijas ir kitus svarbius aspektus.<\/li>\n<\/ul>\n\n\n\n<p class=\"has-primary-font-family\"><strong>Eskizo Pie\u0161imas<\/strong><\/p>\n\n\n\n<ul class=\"has-primary-font-family\">\n<li>Meistras pie\u0161ia eskiz\u0105, kuris turi b\u016bti priimtinas klientui.<\/li>\n\n\n\n<li>Po to, kai abi pus\u0117s sutaria d\u0117l formos, pereinama prie proced\u016bros atlikim.<\/li>\n<\/ul>\n\n\n\n<p class=\"has-primary-font-family\"><strong>Nuskausminimas<\/strong><\/p>\n\n\n\n<ul class=\"has-primary-font-family\">\n<li>Prie\u0161 proced\u016br\u0105 taikomos vietinio nuskausminimo priemon\u0117s, kad proced\u016bra b\u016bt\u0173 kiek \u012fmanoma ma\u017eiau skausminga.<\/li>\n<\/ul>\n\n\n\n<p class=\"has-primary-font-family\"><strong>Proced\u016bros Atlikimas<\/strong><\/p>\n\n\n\n<ul class=\"has-primary-font-family\">\n<li>Naudojant medicinin\u0119 \u012frang\u0105 su adat\u0117l\u0117mis, pigmentas \u012fvedamas \u012f odos sluoksn\u012f (0.3-0.8 mm gylio).<\/li>\n\n\n\n<li>Pigmentas \u012fvedamas labai greitai, ma\u017edaug 150 d\u016bri\u0173 per sekund\u0119.<\/li>\n<\/ul>\n\n\n\n<p class=\"has-primary-font-family\"><strong>Galutinis Etapas ir Prie\u017ei\u016bra<\/strong><\/p>\n\n\n\n<ul class=\"has-primary-font-family\">\n<li>Po proced\u016bros pateikiami patarimai d\u0117l odos prie\u017ei\u016bros ir u\u017era\u0161oma data korekcijai, jei jos reikia.<\/li>\n\n\n\n<li>Odos gijimas trunka apie 4-6 savaites, po kuri\u0173 matomas galutinis rezultatas.<\/li>\n<\/ul>\n\n\n\n<h2 class=\"wp-block-heading has-primary-font-family has-normal-font-size\">Ar Proced\u016bra Skausminga?<\/h2>\n\n\n\n<p class=\"has-primary-font-family\">Permanentinio makia\u017eo proced\u016bra paprastai n\u0117ra skausminga d\u0117l naudojam\u0173 vietini\u0173 nuskausminimo priemoni\u0173. Gali b\u016bti jau\u010diamas minimalus diskomfortas, kuris priklauso nuo individuali\u0173 kliento savybi\u0173.<\/p>\n\n\n\n<h2 class=\"wp-block-heading has-primary-font-family has-normal-font-size\">Efekto I\u0161laikymo Trukm\u0117<\/h2>\n\n\n\n<p class=\"has-primary-font-family\">Permanentinio makia\u017eo efektas i\u0161lieka nuo 1,5 iki 4 met\u0173, priklausomai nuo odos tipo, pigmento spalvos ir gyvenimo b\u016bdo. Po kurio laiko gali prireikti atnaujinimo.<\/p>\n\n\n\n<h2 class=\"wp-block-heading has-primary-font-family has-normal-font-size\">Privalumai ir Patogumas<\/h2>\n\n\n\n<ul class=\"has-primary-font-family\">\n<li><strong>Patogumas<\/strong>: Nereikia kasdien pie\u0161ti antaki\u0173, l\u016bp\u0173 ar aki\u0173 kont\u016br\u0173.<\/li>\n\n\n\n<li class=\"has-primary-font-family\"><strong>Ilgalaikis Efektas<\/strong>: Ilgai i\u0161liekantis rezultatas taupo laik\u0105 kasdieniam makia\u017eui.<\/li>\n\n\n\n<li><strong>Nat\u016bralumas<\/strong>: Naudojant \u012fvairias technikas, galima i\u0161gauti nat\u016braliai atrodant\u012f rezultat\u0105.<\/li>\n<\/ul>\n\n\n\n<h2 class=\"wp-block-heading has-primary-font-family has-normal-font-size\">Privalumai lyginant su cheminiu da\u017eymu<\/h2>\n\n\n\n<ul class=\"has-primary-font-family\">\n<li><strong>Ilgalaikis Rezultatas<\/strong>: Skirtingai nuo cheminio da\u017eymo, kuris i\u0161lieka kelias savaites, permanentinis makia\u017eas i\u0161lieka kelis metus.<\/li>\n\n\n\n<li><strong>Ma\u017eesn\u0117 Prie\u017ei\u016bra<\/strong>: Nereikia da\u017enai atnaujinti spalvos, kaip tai daroma su cheminiais da\u017eais.<\/li>\n\n\n\n<li><strong>Tikslumas<\/strong>: Proced\u016bros metu pasiekiamas auk\u0161tesnis tikslumas ir vienodumas.<\/li>\n<\/ul>\n\n\n\n<p class=\"has-primary-font-family\">Permanentinis makia\u017eas yra puikus pasirinkimas tiems, kurie nori ilgalaikio gro\u017eio ir patogumo. \u0160i proced\u016bra ne tik taupo laik\u0105, bet ir u\u017etikrina, kad visada atrodysite puikiai.<\/p>\n\n\n\n<p><\/p>\n\n\n\n<p><\/p>\n<\/div><\/div>\n<\/div><\/div><\/div>\n\n\n\n<div class=\"wp-block-gutenverse-column guten-element guten-column guten-qVKBQt\"><div class=\"guten-background-overlay\"><\/div><div class=\"sticky-wrapper\" data-id=\"qVKBQt\"><div class=\"guten-column-wrapper\">\n<figure class=\"wp-block-image size-full\"><img decoding=\"async\" loading=\"lazy\" width=\"480\" height=\"364\" src=\"http:\/\/anakaminskiene.lt\/wp-content\/uploads\/2023\/04\/Untitled2.jpg\" alt=\"\" class=\"wp-image-205\" srcset=\"https:\/\/anakaminskiene.lt\/wp-content\/uploads\/2023\/04\/Untitled2.jpg 480w, https:\/\/anakaminskiene.lt\/wp-content\/uploads\/2023\/04\/Untitled2-300x228.jpg 300w\" sizes=\"(max-width: 480px) 100vw, 480px\" \/><\/figure>\n<\/div><\/div><\/div>\n<\/div><\/section><\/div>\n\n\n\n<div class=\"section-wrapper\" data-id=\"zTtN7k\"><section class=\"wp-block-gutenverse-section guten-element guten-section guten-zTtN7k layout-boxed align-stretch\"><div class=\"guten-background-overlay\"><\/div><div class=\"guten-shape-divider guten-shape-divider-top\"><\/div><div class=\"guten-shape-divider guten-shape-divider-bottom\"><\/div><div class=\"guten-container guten-column-gap-default\">\n<div class=\"wp-block-gutenverse-column guten-element guten-column guten-3bLvAy\"><div class=\"guten-background-overlay\"><\/div><div class=\"sticky-wrapper\" data-id=\"3bLvAy\"><div class=\"guten-column-wrapper\">\n<div class=\"guten-element guten-button-wrapper guten-llxTPd\"><a class=\"guten-button guten-button-sm\" href=\"https:\/\/anakaminskiene.lt\/index.php\/312-2\/\" target=\"_blank\" rel=\"noreferrer noopener\"><span>Per\u017ei\u016br\u0117ti portfolio<\/span><\/a><\/div>\n<\/div><\/div><\/div>\n<\/div><\/section><\/div>\n<\/div><\/div><\/div>\n<\/div><\/section><\/div>\n","protected":false},"excerpt":{"rendered":"","protected":false},"author":1,"featured_media":0,"parent":0,"menu_order":0,"comment_status":"closed","ping_status":"closed","template":"","meta":{"om_disable_all_campaigns":false,"_mi_skip_tracking":false},"aioseo_notices":[],"_links":{"self":[{"href":"https:\/\/anakaminskiene.lt\/index.php\/wp-json\/wp\/v2\/pages\/527"}],"collection":[{"href":"https:\/\/anakaminskiene.lt\/index.php\/wp-json\/wp\/v2\/pages"}],"about":[{"href":"https:\/\/anakaminskiene.lt\/index.php\/wp-json\/wp\/v2\/types\/page"}],"author":[{"embeddable":true,"href":"https:\/\/anakaminskiene.lt\/index.php\/wp-json\/wp\/v2\/users\/1"}],"replies":[{"embeddable":true,"href":"https:\/\/anakaminskiene.lt\/index.php\/wp-json\/wp\/v2\/comments?post=527"}],"version-history":[{"count":7,"href":"https:\/\/anakaminskiene.lt\/index.php\/wp-json\/wp\/v2\/pages\/527\/revisions"}],"predecessor-version":[{"id":730,"href":"https:\/\/anakaminskiene.lt\/index.php\/wp-json\/wp\/v2\/pages\/527\/revisions\/730"}],"wp:attachment":[{"href":"https:\/\/anakaminskiene.lt\/index.php\/wp-json\/wp\/v2\/media?parent=527"}],"curies":[{"name":"wp","href":"https:\/\/api.w.org\/{rel}","templated":true}]}}