{"id":546,"date":"2024-01-28T19:12:31","date_gmt":"2024-01-28T19:12:31","guid":{"rendered":"https:\/\/anakaminskiene.lt\/?page_id=546"},"modified":"2024-07-24T14:36:51","modified_gmt":"2024-07-24T14:36:51","slug":"depiliacija","status":"publish","type":"page","link":"https:\/\/anakaminskiene.lt\/index.php\/depiliacija\/","title":{"rendered":""},"content":{"rendered":"\n<div class=\"section-wrapper\" data-id=\"UWvKNT\"><section class=\"wp-block-gutenverse-section guten-element guten-section guten-UWvKNT layout-boxed align-stretch\"><div class=\"guten-background-overlay\"><\/div><div class=\"guten-shape-divider guten-shape-divider-top\"><\/div><div class=\"guten-shape-divider guten-shape-divider-bottom\"><\/div><div class=\"guten-container guten-column-gap-default\">\n<div class=\"wp-block-gutenverse-column guten-element guten-column guten-H1ueux\"><div class=\"guten-background-overlay\"><\/div><div class=\"sticky-wrapper\" data-id=\"H1ueux\"><div class=\"guten-column-wrapper\">\n<div class=\"section-wrapper\" data-id=\"C9iVQ3\"><section class=\"wp-block-gutenverse-section guten-element guten-section guten-C9iVQ3 layout-boxed align-stretch\"><div class=\"guten-background-overlay\"><\/div><div class=\"guten-shape-divider guten-shape-divider-top\"><\/div><div class=\"guten-shape-divider guten-shape-divider-bottom\"><\/div><div class=\"guten-container guten-column-gap-no\">\n<div class=\"wp-block-gutenverse-column guten-element guten-column guten-pUnwNI\"><div class=\"guten-background-overlay\"><\/div><div class=\"sticky-wrapper\" data-id=\"pUnwNI\"><div class=\"guten-column-wrapper\">\n<h1 class=\"wp-block-gutenverse-heading guten-element guten-NLL8ZI animated guten-element-hide slow desktop-fadeInLeft\">Depiliacija va\u0161ku ir cukrumi<\/h1>\n\n\n\n<div class=\"guten-element gutenverse-text-editor guten-eM8mxi\"><div class=\"text-content-inner\">\n<p>Depiliacija va\u0161ku yra vienas i\u0161 populiariausi\u0173 ir efektyviausi\u0173 depiliacijos metod\u0173. \u0160tai keletas privalum\u0173, kod\u0117l verta rinktis k\u016bno depiliacij\u0105 va\u0161ku:<\/p>\n\n\n\n<div class=\"section-wrapper\" data-id=\"ahIril\"><section class=\"wp-block-gutenverse-section guten-element guten-section guten-ahIril layout-boxed align-stretch\"><div class=\"guten-background-overlay\"><\/div><div class=\"guten-shape-divider guten-shape-divider-top\"><\/div><div class=\"guten-shape-divider guten-shape-divider-bottom\"><\/div><div class=\"guten-container guten-column-gap-default\">\n<div class=\"wp-block-gutenverse-column guten-element guten-column guten-KHDkj6\"><div class=\"guten-background-overlay\"><\/div><div class=\"sticky-wrapper\" data-id=\"KHDkj6\"><div class=\"guten-column-wrapper\"><\/div><\/div><\/div>\n<\/div><\/section><\/div>\n\n\n\n<ul>\n<li> Ilgalaikis rezultatas: Va\u0161ko depiliacija pa\u0161alina plaukus su \u0161aknimi, tod\u0117l j\u0173 augimas u\u017etrunka ilgiau nei skutant.<\/li>\n<\/ul>\n\n\n\n<div class=\"section-wrapper\" data-id=\"wT8qvh\"><section class=\"wp-block-gutenverse-section guten-element guten-section guten-wT8qvh layout-boxed align-stretch\"><div class=\"guten-background-overlay\"><\/div><div class=\"guten-shape-divider guten-shape-divider-top\"><\/div><div class=\"guten-shape-divider guten-shape-divider-bottom\"><\/div><div class=\"guten-container guten-column-gap-default\">\n<div class=\"wp-block-gutenverse-column guten-element guten-column guten-mRuwIb\"><div class=\"guten-background-overlay\"><\/div><div class=\"sticky-wrapper\" data-id=\"mRuwIb\"><div class=\"guten-column-wrapper\"><\/div><\/div><\/div>\n<\/div><\/section><\/div>\n\n\n\n<ul>\n<li>\u0160velnesnis odos pavir\u0161ius: Va\u0161kas pa\u0161alina ne tik plaukus, bet ir negyvas odos l\u0105steles, paliekant od\u0105 mink\u0161t\u0105 ir \u0161velni\u0105. <\/li>\n<\/ul>\n\n\n\n<div class=\"section-wrapper\" data-id=\"kvjAcD\"><section class=\"wp-block-gutenverse-section guten-element guten-section guten-kvjAcD layout-boxed align-stretch\"><div class=\"guten-background-overlay\"><\/div><div class=\"guten-shape-divider guten-shape-divider-top\"><\/div><div class=\"guten-shape-divider guten-shape-divider-bottom\"><\/div><div class=\"guten-container guten-column-gap-default\">\n<div class=\"wp-block-gutenverse-column guten-element guten-column guten-kqlW0N\"><div class=\"guten-background-overlay\"><\/div><div class=\"sticky-wrapper\" data-id=\"kqlW0N\"><div class=\"guten-column-wrapper\"><\/div><\/div><\/div>\n<\/div><\/section><\/div>\n\n\n\n<ul>\n<li>Ma\u017eesnis plauk\u0173 augimas: Laikui b\u0117gant, kai depiliacija vykdoma reguliariai, plaukai gali tapti plonesni ir retesni. <\/li>\n<\/ul>\n\n\n\n<div class=\"section-wrapper\" data-id=\"wR7mrI\"><section class=\"wp-block-gutenverse-section guten-element guten-section guten-wR7mrI layout-boxed align-stretch\"><div class=\"guten-background-overlay\"><\/div><div class=\"guten-shape-divider guten-shape-divider-top\"><\/div><div class=\"guten-shape-divider guten-shape-divider-bottom\"><\/div><div class=\"guten-container guten-column-gap-default\">\n<div class=\"wp-block-gutenverse-column guten-element guten-column guten-e8dnUL\"><div class=\"guten-background-overlay\"><\/div><div class=\"sticky-wrapper\" data-id=\"e8dnUL\"><div class=\"guten-column-wrapper\"><\/div><\/div><\/div>\n<\/div><\/section><\/div>\n\n\n\n<ul>\n<li>Efektyvumas: Va\u0161kas gali b\u016bti naudojamas pa\u0161alinti plaukus i\u0161 \u012fvairi\u0173 k\u016bno sri\u010di\u0173, \u012fskaitant kojas, bikini, pa\u017eastis, rankas ir kitas k\u016bno vietas.<\/li>\n<\/ul>\n\n\n\n<div class=\"section-wrapper\" data-id=\"qvUm4H\"><section class=\"wp-block-gutenverse-section guten-element guten-section guten-qvUm4H layout-boxed align-stretch\"><div class=\"guten-background-overlay\"><\/div><div class=\"guten-shape-divider guten-shape-divider-top\"><\/div><div class=\"guten-shape-divider guten-shape-divider-bottom\"><\/div><div class=\"guten-container guten-column-gap-default\">\n<div class=\"wp-block-gutenverse-column guten-element guten-column guten-WBNnJL\"><div class=\"guten-background-overlay\"><\/div><div class=\"sticky-wrapper\" data-id=\"WBNnJL\"><div class=\"guten-column-wrapper\"><\/div><\/div><\/div>\n<\/div><\/section><\/div>\n\n\n\n<ul>\n<li> Ma\u017eesnis odos sudirginimas: Kruop\u0161\u010diai atliekant depiliacij\u0105, galima suma\u017einti odos sudirginim\u0105 bei pa\u017eeidim\u0105, lyginant su kitais depiliacijos metodais. <\/li>\n<\/ul>\n\n\n\n<div class=\"section-wrapper\" data-id=\"6QhVVu\"><section class=\"wp-block-gutenverse-section guten-element guten-section guten-6QhVVu layout-boxed align-stretch\"><div class=\"guten-background-overlay\"><\/div><div class=\"guten-shape-divider guten-shape-divider-top\"><\/div><div class=\"guten-shape-divider guten-shape-divider-bottom\"><\/div><div class=\"guten-container guten-column-gap-default\">\n<div class=\"wp-block-gutenverse-column guten-element guten-column guten-vwbw0l\"><div class=\"guten-background-overlay\"><\/div><div class=\"sticky-wrapper\" data-id=\"vwbw0l\"><div class=\"guten-column-wrapper\"><\/div><\/div><\/div>\n<\/div><\/section><\/div>\n\n\n\n<p>Kada rinktis depiliacij\u0105 cukrumi?<\/p>\n\n\n\n<div class=\"section-wrapper\" data-id=\"2kqOVn\"><section class=\"wp-block-gutenverse-section guten-element guten-section guten-2kqOVn layout-boxed align-stretch\"><div class=\"guten-background-overlay\"><\/div><div class=\"guten-shape-divider guten-shape-divider-top\"><\/div><div class=\"guten-shape-divider guten-shape-divider-bottom\"><\/div><div class=\"guten-container guten-column-gap-default\">\n<div class=\"wp-block-gutenverse-column guten-element guten-column guten-o7udFR\"><div class=\"guten-background-overlay\"><\/div><div class=\"sticky-wrapper\" data-id=\"o7udFR\"><div class=\"guten-column-wrapper\"><\/div><\/div><\/div>\n<\/div><\/section><\/div>\n\n\n\n<ul>\n<li>Odos jautrumas : Jei turite labai jautri\u0105 od\u0105 arba patiriate skausm\u0105 ir dirginim\u0105 naudojant kar\u0161t\u0105 va\u0161k\u0105, galite pabandyti cukraus depiliacij\u0105, nes ji da\u017enai laikoma \u0161velnesne ir ma\u017eiau skausminga alternatyva. <\/li>\n<\/ul>\n\n\n\n<div class=\"section-wrapper\" data-id=\"TJjm7R\"><section class=\"wp-block-gutenverse-section guten-element guten-section guten-TJjm7R layout-boxed align-stretch\"><div class=\"guten-background-overlay\"><\/div><div class=\"guten-shape-divider guten-shape-divider-top\"><\/div><div class=\"guten-shape-divider guten-shape-divider-bottom\"><\/div><div class=\"guten-container guten-column-gap-default\">\n<div class=\"wp-block-gutenverse-column guten-element guten-column guten-z87Ye2\"><div class=\"guten-background-overlay\"><\/div><div class=\"sticky-wrapper\" data-id=\"z87Ye2\"><div class=\"guten-column-wrapper\"><\/div><\/div><\/div>\n<\/div><\/section><\/div>\n\n\n\n<ul>\n<li>Trumpi plaukai: Cukraus depiliacija gali b\u016bti veiksmingesn\u0117 \u0161alinant labai trumpus plaukus lyginant su kar\u0161tu va\u0161ku. <\/li>\n<\/ul>\n\n\n\n<div class=\"section-wrapper\" data-id=\"pFD3jA\"><section class=\"wp-block-gutenverse-section guten-element guten-section guten-pFD3jA layout-boxed align-stretch\"><div class=\"guten-background-overlay\"><\/div><div class=\"guten-shape-divider guten-shape-divider-top\"><\/div><div class=\"guten-shape-divider guten-shape-divider-bottom\"><\/div><div class=\"guten-container guten-column-gap-default\">\n<div class=\"wp-block-gutenverse-column guten-element guten-column guten-TWeudE\"><div class=\"guten-background-overlay\"><\/div><div class=\"sticky-wrapper\" data-id=\"TWeudE\"><div class=\"guten-column-wrapper\"><\/div><\/div><\/div>\n<\/div><\/section><\/div>\n\n\n\n<ul>\n<li>Nat\u016bral\u016bs ingredientai: Jei jums svarbu naudoti nat\u016bralius ingredientus ir i\u0161vengti sintetini\u0173 med\u017eiag\u0173, galite rinktis cukraus depiliacij\u0105. <\/li>\n<\/ul>\n\n\n\n<div class=\"section-wrapper\" data-id=\"v8Ol5U\"><section class=\"wp-block-gutenverse-section guten-element guten-section guten-v8Ol5U layout-boxed align-stretch\"><div class=\"guten-background-overlay\"><\/div><div class=\"guten-shape-divider guten-shape-divider-top\"><\/div><div class=\"guten-shape-divider guten-shape-divider-bottom\"><\/div><div class=\"guten-container guten-column-gap-default\">\n<div class=\"wp-block-gutenverse-column guten-element guten-column guten-fXJmov\"><div class=\"guten-background-overlay\"><\/div><div class=\"sticky-wrapper\" data-id=\"fXJmov\"><div class=\"guten-column-wrapper\"><\/div><\/div><\/div>\n<\/div><\/section><\/div>\n\n\n\n<ul>\n<li>Noras i\u0161bandyti nauj\u0105 metod\u0105: Jei esate suinteresuotas i\u0161bandyti nauj\u0105 depiliacijos metod\u0105, galite pabandyti cukraus depiliacij\u0105 ir pamatyti, ar ji tinka jums geriau nei kar\u0161tas va\u0161kas. <\/li>\n<\/ul>\n\n\n\n<div class=\"section-wrapper\" data-id=\"cgApak\"><section class=\"wp-block-gutenverse-section guten-element guten-section guten-cgApak layout-boxed align-stretch\"><div class=\"guten-background-overlay\"><\/div><div class=\"guten-shape-divider guten-shape-divider-top\"><\/div><div class=\"guten-shape-divider guten-shape-divider-bottom\"><\/div><div class=\"guten-container guten-column-gap-default\">\n<div class=\"wp-block-gutenverse-column guten-element guten-column guten-n1gqly\"><div class=\"guten-background-overlay\"><\/div><div class=\"sticky-wrapper\" data-id=\"n1gqly\"><div class=\"guten-column-wrapper\"><\/div><\/div><\/div>\n<\/div><\/section><\/div>\n\n\n\n<p>Gal\u0173 gale, svarbu i\u0161bandyti abu metodus ir nustatyti, kuris geriausiai atitinka j\u016bs\u0173 poreikius bei tinkamesnis j\u016bs\u0173 odai. Kaip su kiekvienu gro\u017eio produktu ar proced\u016bra, reikia atsi\u017evelgti \u012f individualius veiksnius ir pasirinkti, kas geriausiai veikia jums.<\/p>\n<\/div><\/div>\n\n\n\n<div class=\"guten-element gutenverse-text-editor guten-NvRodV\"><div class=\"text-content-inner\">\n<p class=\"has-primary-font-family\"><\/p>\n<\/div><\/div>\n<\/div><\/div><\/div>\n\n\n\n<div class=\"wp-block-gutenverse-column guten-element guten-column guten-qVKBQt\"><div class=\"guten-background-overlay\"><\/div><div class=\"sticky-wrapper\" data-id=\"qVKBQt\"><div class=\"guten-column-wrapper\">\n<figure class=\"wp-block-image size-full\"><img decoding=\"async\" loading=\"lazy\" width=\"750\" height=\"500\" src=\"http:\/\/anakaminskiene.lt\/wp-content\/uploads\/2023\/04\/depilacion-_Mediano.jpg\" alt=\"\" class=\"wp-image-210\" srcset=\"https:\/\/anakaminskiene.lt\/wp-content\/uploads\/2023\/04\/depilacion-_Mediano.jpg 750w, https:\/\/anakaminskiene.lt\/wp-content\/uploads\/2023\/04\/depilacion-_Mediano-300x200.jpg 300w, https:\/\/anakaminskiene.lt\/wp-content\/uploads\/2023\/04\/depilacion-_Mediano-600x400.jpg 600w\" sizes=\"(max-width: 750px) 100vw, 750px\" \/><\/figure>\n<\/div><\/div><\/div>\n<\/div><\/section><\/div>\n<\/div><\/div><\/div>\n<\/div><\/section><\/div>\n","protected":false},"excerpt":{"rendered":"","protected":false},"author":1,"featured_media":0,"parent":0,"menu_order":0,"comment_status":"closed","ping_status":"closed","template":"","meta":{"om_disable_all_campaigns":false,"_mi_skip_tracking":false},"aioseo_notices":[],"_links":{"self":[{"href":"https:\/\/anakaminskiene.lt\/index.php\/wp-json\/wp\/v2\/pages\/546"}],"collection":[{"href":"https:\/\/anakaminskiene.lt\/index.php\/wp-json\/wp\/v2\/pages"}],"about":[{"href":"https:\/\/anakaminskiene.lt\/index.php\/wp-json\/wp\/v2\/types\/page"}],"author":[{"embeddable":true,"href":"https:\/\/anakaminskiene.lt\/index.php\/wp-json\/wp\/v2\/users\/1"}],"replies":[{"embeddable":true,"href":"https:\/\/anakaminskiene.lt\/index.php\/wp-json\/wp\/v2\/comments?post=546"}],"version-history":[{"count":13,"href":"https:\/\/anakaminskiene.lt\/index.php\/wp-json\/wp\/v2\/pages\/546\/revisions"}],"predecessor-version":[{"id":749,"href":"https:\/\/anakaminskiene.lt\/index.php\/wp-json\/wp\/v2\/pages\/546\/revisions\/749"}],"wp:attachment":[{"href":"https:\/\/anakaminskiene.lt\/index.php\/wp-json\/wp\/v2\/media?parent=546"}],"curies":[{"name":"wp","href":"https:\/\/api.w.org\/{rel}","templated":true}]}}